.
-1
Let c = 10 - 16. Let m(n) = 2*n**2 - 21*n - 19. Let q(p) = -p**2 + 11*p + 10. Let w(x) = c*m(x) - 11*q(x). Give w(6).
-2
Suppose -3*h = 5*p - 26, 2*h = 5*h - p - 2. Let j(y) be the first derivative of -y**3/3 + y**2 + y - 2. Give j(h).
1
Suppose 2*l + 3 - 23 = 0. Suppose -5*j + l*j + a + 5 = 0, -2*j - 19 = -3*a. Let g(w) be the second derivative of w**4/12 + w**3/6 - w**2 - w. Calculate g(j).
0
Let v(s) = s**2 + 7*s. Suppose 0 = 2*o + d + 15, -2*o + 9 = -6*o + 5*d. Give v(o).
-6
Let z(q) = -1 - 8*q**2 + 2 + 5*q + 7*q**2. Let c be 44/7 - 4/14. Give z(c).
-5
Let p(d) = d**2 - d + 3. Suppose 0 = 15*o - 12*o. Determine p(o).
3
Let b(m) = -2*m - 8*m**3 + 2*m**3 + 3 + 3*m**3 + 2*m**2. What is b(2)?
-17
Let n(t) = t + 4. Let q be n(-4). Let o(g) be the first derivative of g**2/2 - 9*g + 5. What is o(q)?
-9
Let y(d) = -2*d + d**3 - 2*d**3 - 5*d**2 - 4*d - 6. Suppose 2*t = -5*w - 19 + 1, 5*w - 3*t + 23 = 0. Let q be y(w). Let z(p) = 2*p**2 - 3*p + 1. What is z(q)?
3
Let a be 3 + (2 - 2) + 2. Suppose -3*x + c - a = 5, 0 = -c - 2. Let z(l) = l**3 + 3*l**2 - 5*l - 6. Calculate z(x).
-2
Let m = 3 - 0. Let g(i) = i - 1. Let l(o) = -2*o + 2. Let d(v) = m*l(v) + 5*g(v). What is d(-5)?
6
Let c(g) = -g**3 + 3*g**2 + 3*g + 1. Let n be c(4). Let k(r) = 4*r - 3. Determine k(n).
-15
Let x(g) = g**2 - 7*g + 8. Let a(m) = 2*m**2 - 14*m + 17. Let i(w) = -2*a(w) + 5*x(w). Give i(7).
6
Let x be -3 + -3 + (-1 - -2). Let m be (3 - 2)*(x + 4). Let s(p) = -5*p**3 - p**2 - p. Determine s(m).
5
Let z(w) = 9*w + 5*w**3 - 7*w**2 + 5*w - 3 - 5*w - 4*w**3. Let a(s) = s**3 - 7*s**2 + 9*s - 2. Let g(j) = -6*a(j) + 7*z(j). Calculate g(6).
9
Let b(d) = -d**3 - 4*d**2 + d + 1. Let w(s) = -2*s**2 - 2. Let x(g) = -2*g**2 + g - 2. Let m(t) = 4*w(t) - 3*x(t). Let y be m(-2). Give b(y).
-3
Let y(k) = k + 4. Let j be (-18)/(-30) + (-146)/10. Let i = j - -12. Give y(i).
2
Let h(u) = 3*u + 7. Let i be (6/(-4))/(3/(-6)). Suppose -i*b + 4*n = 38, -27 = 3*b - b - 3*n. What is h(b)?
-11
Let h(x) = -12*x + 1. Let o(y) = -y. Let c(s) = h(s) + 4*o(s). Give c(-1).
17
Let p(m) = -2*m - 4. Let a = 6 - 4. Suppose -4*b = -3*i - 2*i + 4, 3*b = a*i + 4. Suppose 0 = -b*z + z - 18. Calculate p(z).
8
Let t(r) be the third derivative of 0*r**3 + 0 - 1/4*r**4 + 0*r - r**2. Calculate t(1).
-6
Suppose 0 = -2*m - w - 3, -4*w - 17 = -4*m + 7*m. Let p(h) = -h + 0*h - 3 + 2. Determine p(m).
-2
Let f(s) = 2*s**2 - s. Let n = 17 + -14. Let k be (n/9)/(2/6). Determine f(k).
1
Let j(z) = -z**2 + z - 1. Let v(q) = -2*q**2 + q + 3. Let m(o) = j(o) - v(o). Let i be (1 - 6/9)*15. Suppose -a + 2 = i. Give m(a).
5
Let k(n) = 4*n + n**3 + 3*n**2 + n + 2*n**2 + 2. Suppose 5*i = i + 56. Suppose -3*b = -5 + i. Calculate k(b).
5
Let y be (-16)/(-3) + (-4)/(-6). Let d(j) = -360*j + j**3 + 177*j + 176*j - 5*j**2. Give d(y).
-6
Let n(z) = -3*z - 1. Suppose -15 = 6*d + 9. Calculate n(d).
11
Suppose 5*y = -7 - 3. Let m(t) be the first derivative of -t**4/2 - 4*t**3/3 - 2*t**2 - 2*t - 2. Give m(y).
6
Let o be (11/3)/(3/9). Let i(c) = o*c - 1 + 1 - 14*c + 1. Give i(5).
-14
Let n(k) be the second derivative of -k**3/2 + 5*k**2/2 - 8*k. Calculate n(5).
-10
Let k(x) = 3*x**2 - 12*x**2 + 5 + 2*x + 8*x**2. Give k(5).
-10
Let m(q) = -q**3 - 3*q**2 + 3*q + 6. Suppose 4*v = z - 22, z + 8 = -3*z. Let r(n) = n**3 + 3*n**2 - 3*n - 5. Let w(c) = v*m(c) - 7*r(c). What is w(-4)?
3
Let i(w) be the first derivative of -w**3/3 + 7*w**2/2 + w - 1. Determine i(4).
13
Let w(y) be the first derivative of -y**3/3 + y**2/2 - 14*y - 25. Calculate w(0).
-14
Let j(l) be the second derivative of l**3/6 + l. Let x be 3 - (1 + 3 - 1). Calculate j(x).
0
Let r(h) = 3*h - 1. Let t be r(-1). Let s(o) = -3*o**3 + 8*o**2 + o - 5. Let g(b) = -b**3 + b**2 + b. Let u(j) = -4*g(j) + s(j). What is u(t)?
7
Let l(m) = -3*m + 6. Suppose -2*c + 9 = q, -4*q - 3 = 1. Determine l(c).
-9
Let j be 4/6 - (-4)/(-6). Suppose j = w - 0 - 4. Let z(m) = 3*m + 5*m**2 - 10*m**2 + m**3 + 5 - 3. Determine z(w).
-2
Let o(w) = w - 17. Let q be 108/15 - 2/10. Give o(q).
-10
Let s be 4/8*-1*-4. Let n(c) = 14*c**s - 1 + 2*c**3 - 4*c**3 - 13*c**2. Determine n(1).
-2
Let v(g) be the second derivative of -g**4/12 + 5*g**2/2 + 3*g - 4. Give v(4).
-11
Let m(h) = 1. Let w(o) = o - 4*o + 2*o + 3. Let a(f) = -f**2 + 2*f + 1. Let n be a(0). Let v(s) = n*w(s) - 4*m(s). Calculate v(3).
-4
Let t(x) = x**2 + 10*x + 9. Suppose -5*s = -3*q + 45, 2*s + q = 7*s + 45. Let n be t(s). Let m(f) = f - 8. Give m(n).
-8
Let q(p) = 7*p**2 - 5*p**2 - 14 - p**2 - 9*p + 0*p**2. Give q(10).
-4
Let l(b) = b**3 + 2*b**2 - 4*b - 1. Let y(w) = -w**2 + 3*w - 3. Let r be y(3). Determine l(r).
2
Let x(f) = -8*f - 1. Suppose 2*b + 9 = -b. Let o = 3 + b. Suppose -3*t - 3 + 0 = o. What is x(t)?
7
Let r(t) be the first derivative of -t**2/2 - t + 3. Let h(a) = -a**2 + 6*a - 5. Let f be h(5). Suppose f = -4*l - l. What is r(l)?
-1
Let i = 24 + -10. Suppose 2*v - 3*w = i, 2*w + 2 + 6 = 0. Let z(g) = 1 - v - g + 6*g**3. What is z(1)?
5
Let f(r) be the third derivative of 0*r + 0 + 1/8*r**4 + 1/20*r**5 + 1/3*r**3 - r**2. Let p be (3/(-1))/(12/8). What is f(p)?
8
Let n(c) be the second derivative of -c**5/120 - c**4/24 + c**3/2 + 2*c. Let b(r) be the second derivative of n(r). Determine b(5).
-6
Let v = 2 - -3. Let w(c) be the third derivative of -2/3*c**3 - 3*c**2 + 0*c + 1/24*c**4 + 0. What is w(v)?
1
Let h(a) = 2 + 2 + a**2 + 0*a + 3*a. Let g = -13 + 23. Let z = 7 - g. Give h(z).
4
Let j(d) = d**3 - 6*d**2 - 6*d - 4. Suppose 33 = -3*x + g, -9 = 4*g + 3. Let i be (-2)/x - 123/(-18). Determine j(i).
3
Let u(s) = -3*s**3 + 6*s**3 + s**3 - 6*s**2 - 7 - 3*s**3. What is u(6)?
-7
Let b(u) = u**3 + 14*u**2 + 15*u + 12. Let w be b(-13). Let k be (-1)/(-2)*(w - -2). Let t(g) = g**2 + 5*g. Give t(k).
6
Let t(s) = 4*s**3 - 3*s**2 + s - 2. Let y(p) = p**3 - 10*p**2 + 2*p - 18. Let m be y(10). Give t(m).
20
Let u(i) be the second derivative of -i**3/2 - 3*i**2 - i. Give u(-5).
9
Let d be (-4)/(-6) + 50/6. Let j(t) = -t - 5. Let f(b) = 2*b + 11. Let k(l) = d*j(l) + 4*f(l). Let h(o) = -o - 2. Let a be h(-5). What is k(a)?
-4
Let n = 529/6 - 88. Let f(w) be the second derivative of 3/2*w**2 + n*w**4 + 0 + 1/3*w**3 - w. What is f(-2)?
7
Let k(n) = 12*n - 1. Let t be -3 - (2 + (-8 - 0)). Suppose -2*a + t = a. What is k(a)?
11
Suppose 3*i - 12 = 0, i - 5*i = -2*a - 12. Let j(g) = 4*g - g**2 - 3 - 4*g - g**3 - a*g. Suppose -2*n = -4*y - 16, -n - 6*y + y = 27. Give j(n).
5
Let n(p) = 3*p**3 - 8*p + 10 - 4*p**3 + 0*p + 9*p. Determine n(0).
10
Let n(w) = w**3 - 16. Let f be 0*(1 + 2)/(-9). Give n(f).
-16
Let d(n) = -7*n**2 - 1. Let x(b) = 7*b**2 + 1. Let g(u) = 2*d(u) + 3*x(u). Determine g(-1).
8
Suppose -5*m + 1 + 24 = 0. Let o(x) = 2*x**2 - 4*x + 2. Let t(d) = -d**2. Let k(j) = o(j) + t(j). Give k(m).
7
Let n(u) = -6*u - 18. Let x(p) = -5*p - 16. Let k(a) = -6*n(a) + 7*x(a). What is k(-3)?
-7
Let z(x) = -x + 1. Let b be ((-63)/(-7))/(-1*1). Let n = -8 - b. Determine z(n).
0
Let t(s) = -s**3 + 2*s**2 + 2*s - 2. Let n = 14 - 12. What is t(n)?
2
Let y(b) = 3*b. Let o(v) = v**2 + v - 7. Let g be o(3). Calculate y(g).
15
Let x(t) = t**3 + 8*t**2 + 2. Suppose -32 = 2*s + 2*s. Give x(s).
2
Let v be (5/2)/((-1)/2). Let y be v/2*30/(-25). Let z be 6/y + 2 - 1. Let g(n) = n - 1. Give g(z).
2
Let y be -5 + 6 - 2/2. Suppose 4*t + 2*o - 10 = y, -3*t + t + o + 15 = 0. Let d(g) = -g**2 + 3*g + 3. Calculate d(t).
-7
Suppose 4*h - 15 = 1. Suppose z - h*z - 9 = 0. Let t(w) = -1 - 1 - w**3 + 2*w**2 - 3*w**2 + 3*w. Determine t(z).
7
Let o be 2/(-3) + (-69)/(-9). Let n(k) = 5*k - 21. Let g(r) = -3*r + 11. Let q(b) = o*g(b) + 4*n(b). Suppose -3*x - 12 = -3. What is q(x)?
-4
Let i(o) = o**2 + o. Let u be (-3)/2*8/(-12). Let h be i(u). Let j(r) = -4*r - h*r + 2*r. What is j(1)?
-4
Let m be 1*3*(-2 + 1). Let w = -1 + m. Let g(p) be the second derivative of -p**3/6 - 2*p**2 + p. Calculate g(w).
0
Let q be (-2)/(-5)*(-10)/(-8). Let n(d) be the first derivative of -2*d - 2 - q*d**2. Calculate n(-4).
2
Suppose -3*t = -0*t + 5*g - 9, -6 = -2*t - 4*g. Let u(n) = 4 + 2*n**2 + 0 - t*n - 2. Suppose -2*k + 5*f = 2*k + 17, 3*f - 9 = 3*k. Determine u(k).
4
Let o(i) be the second derivative of -i**3/6 + 3*i. Calculate o(-2).
2
Let v(g) = 4*g - 1. Suppose 0 = -2*d + 5*o - 17, 6 = 5*d + 3*o + 